2098?
True
Does 13 divide 95849351?
True
Is 47 a factor of 366901885?
False
Does 343 divide 16847817?
True
Is 957 a factor of 360877818?
False
Is 21095803 a multiple of 79?
False
Is 585 a factor of 745095934?
False
Is 650892364 a multiple of 4076?
True
Is 84 a factor of 69633376?
False
Is 1132 a factor of 123528368?
True
Is 11723306 a multiple of 2?
True
Does 25 divide 1163278?
False
Is 1444 a factor of 29193555?
False
Is 10361925 a multiple of 645?
True
Is 496581297 a multiple of 411?
True
Is 8 a factor of 9410127?
False
Is 68 a factor of 3190016?
True
Is 2293213608 a multiple of 745?
False
Is 87225722 a multiple of 1658?
True
Is 129242420 a multiple of 316?
True
Does 3267 divide 62615322?
True
Does 51 divide 26204795?
False
Is 1388093000 a multiple of 1750?
True
Does 601 divide 344094136?
True
Is 111145663 a multiple of 13?
False
Is 23 a factor of 475422788?
True
Is 8 a factor of 48233104?
True
Is 180 a factor of 144761072?
False
Is 224 a factor of 10206336?
True
Is 271639269 a multiple of 11?
True
Does 501 divide 360894437?
False
Is 914 a factor of 793113906?
False
Does 437 divide 38462892?
False
Does 370 divide 98603890?
True
Is 9 a factor of 1466323483?
False
Is 633 a factor of 87322016?
False
Does 291 divide 34815623?
False
Does 530 divide 10371040?
True
Is 6439064147 a multiple of 3576?
False
Is 82 a factor of 104534994?
True
Does 6 divide 1056253?
False
Does 10 divide 582328911?
False
Is 5 a factor of 973210?
True
Is 250 a factor of 17654167?
False
Does 7 divide 536854710?
True
Is 17 a factor of 50787507?
False
Is 20995848 a multiple of 4?
True
Does 673 divide 1296246456?
True
Is 427 a factor of 41137607?
True
Is 29 a factor of 141313?
False
Is 6985350 a multiple of 475?
True
Is 2734 a factor of 1352741994?
False
Does 423 divide 16834569?
False
Is 494728900 a multiple of 63?
False
Is 2949922458 a multiple of 18?
True
Does 152 divide 244133081?
False
Is 658167114 a multiple of 22?
True
Does 10 divide 611717809?
False
Is 1835746092 a multiple of 9?
True
Is 1826647679 a multiple of 15?
False
Is 1053377385 a multiple of 10863?
False
Is 75 a factor of 917094105?
False
Is 793359407 a multiple of 337?
False
Is 11833268 a multiple of 61?
True
Does 14 divide 143538569?
False
Does 138 divide 84578134?
False
Is 15635836 a multiple of 3?
False
Is 140424696 a multiple of 75?
False
Is 77351308 a multiple of 131?
True
Does 42 divide 112848424?
False
Is 13 a factor of 82942781?
False
Does 30 divide 1630940233?
False
Does 50 divide 163022727?
False
Is 37937256 a multiple of 21?
True
Is 27 a factor of 77329161?
True
Is 5111 a factor of 576612798?
True
Does 134 divide 338670662?
True
Is 25674871 a multiple of 11?
False
Does 12 divide 5685528?
True
Is 426150974 a multiple of 241?
False
Is 23403572 a multiple of 4?
True
Is 31238610 a multiple of 173?
True
Is 272 a factor of 39026458?
False
Is 1934 a factor of 2213898?
False
Is 393 a factor of 139448976?
True
Is 769 a factor of 75362?
True
Is 407 a factor of 17082604?
True
Is 365916732 a multiple of 2566?
True
Is 5437324056 a multiple of 339?
True
Is 446 a factor of 27886538?
False
Does 1324 divide 1724518874?
False
Does 141 divide 557362848?
True
Does 51 divide 30769367?
False
Is 11200800 a multiple of 509?
False
Does 20 divide 131660980?
True
Is 44219591 a multiple of 5?
False
Does 26 divide 22240686?
True
Does 22 divide 623113898?
True
Is 1679 a factor of 22098150?
False
Is 124757165 a multiple of 5430?
False
Is 1156 a factor of 311313112?
True
Does 11 divide 13115267?
True
Does 921 divide 52935396?
True
Does 2221 divide 26669689?
False
Is 99 a factor of 4369167?
True
Does 301 divide 182915768?
False
Is 5 a factor of 22623625?
True
Is 1334500974 a multiple of 54?
True
Is 4546770041 a multiple of 109?
False
Is 4 a factor of 4135886?
False
Does 4984 divide 1089057037?
False
Does 6590 divide 263563023?
False
Is 972023024 a multiple of 14?
True
Is 34 a factor of 55114686?
False
Does 18 divide 22237416?
True
Does 169 divide 716687257?
True
Is 115105787 a multiple of 11?
False
Is 18862632 a multiple of 2504?
True
Is 11588240 a multiple of 16?
True
Is 656 a factor of 2001935536?
True
Is 31986515 a multiple of 31?
False
Does 184 divide 14461848?
True
Is 431 a factor of 1206362966?
True
Does 3190 divide 651056670?
True
Is 8 a factor of 37091925?
False
Does 14 divide 14727051?
False
Is 16531767 a multiple of 931?
True
Is 100 a factor of 170133201?
False
Does 6 divide 10432008?
True
Is 119 a factor of 5810737751?
True
Does 1005 divide 74690315?
False
Is 19091434 a multiple of 1455?
False
Is 332 a factor of 11528036?
True
Is 737986819 a multiple of 280?
False
Does 29 divide 2742263403?
True
Does 76 divide 59679082?
False
Is 826043416 a multiple of 344?
True
Is 48 a factor of 793234?
False
Does 51 divide 24864540?
True
Does 40 divide 182223117?
False
Does 1423 divide 712285104?
False
Is 1406305830 a multiple of 10?
True
Does 13 divide 523477420?
False
Is 2680857 a multiple of 10?
False
Is 10 a factor of 20811450?
True
Does 57 divide 1064644917?
True
Is 3571 a factor of 248902271?
True
Does 11 divide 3899489421?
False
Does 20 divide 7517970?
False
Is 175 a factor of 27279948?
False
Does 200 divide 186473800?
True
Is 22142070 a multiple of 38?
False
Does 48 divide 1728539808?
True
Is 88 a factor of 1063391057?
False
Is 60 a factor of 55553517?
False
Is 28291716 a multiple of 279?
True
Is 241290112 a multiple of 224?
True
Does 6 divide 24608898?
True
Is 23 a factor of 106174307?
False
Is 51451506 a multiple of 633?
True
Is 30682159 a multiple of 197?
True
Is 384349417 a multiple of 135?
False
Is 58 a factor of 4024974825?
False
Is 219843240 a multiple of 20?
True
Does 24 divide 1613176152?
True
Is 5 a factor of 4655535?
True
Is 312798667 a multiple of 29?
False
Is 1807604590 a multiple of 15?
False
Is 630 a factor of 138195670?
False
Does 933 divide 43878057?
True
Is 5 a factor of 32286740?
True
Is 344468484 a multiple of 9?
True
Is 668 a factor of 14133544?
True
Does 56 divide 321721008?
True
Does 16 divide 206501040?
True
Is 8084454 a multiple of 4?
False
Does 2 divide 35298504?
True
Is 599 a factor of 20380376?
True
Is 210148938 a multiple of 1457?
True
Does 942 divide 125406576?
True
Is 121996950 a multiple of 2224?
False
Is 1609807260 a multiple of 10?
True
Is 12702270 a multiple of 294?
True
Is 52166100 a multiple of 300?
True
Does 10 divide 3891105?
False
Is 58551328 a multiple of 24?
False
Is 6 a factor of 21580697?
False
Is 65 a factor of 416524355?
True
Does 19 divide 121637062?
False
Does 384 divide 1234684959?
False
Is 54 a factor of 626621994?
True
Is 472608068 a multiple of 9?
False
Does 2217 divide 1175854192?
False
Is 5823 a factor of 3874571793?
True
Does 275 divide 9093425?
True
Is 15 a factor of 1535392410?
True
Is 235 a factor of 139692225?
True
Is 31 a factor of 1458555600?
False
Is 69837246 a multiple of 33?
False
Is 63024406 a multiple of 12?
False
Is 4400360 a multiple of 920?
True
Does 15 divide 141141835?
False
Is 1449 a factor of 29488058?
False
Does 2844 divide 481152684?
False
Is 1052 a factor of 105329396?
True
Is 175978300 a multiple of 155?
False
Is 3 a factor of 551644106?
False
Is 80 a factor of 163063920?
True
Does 9 divide 59517767?
False
Is 8580846 even?
True
Is 184094428 a multiple of 574?
True
Is 2898 a factor of 76385484?
True
Is 1342376050 a multiple of 617?
True
Is 2334 a factor of 61526174?
False
Is 36227551 a multiple of 3613?
True
Is 179 a factor of 138535439?
True
Does 6 divide 92271966?
True
Is 24773334 a multiple of 82?
False
Is 26 a factor of 13659594?
True
Is 929065268 a multiple of 361?
True
Does 227 divide 189326110?
False
Is 2410639131 a multiple of 69?
True
Is 962429340 a multiple of 15?
True
Is 529 a factor of 46206034?
True
Is 179 a factor of 228287650?
True
Does 12 divide 257091240?
True
Is 3 a factor of 9526716?
True
Is 487 a factor of 74822493?
False
Is 2251 a factor of 204229548?
False
Is 2429 a factor of 307839421?
False
Is 32192160 a multiple of 44?
True
Is 19 a factor of 244392725?
True
Is 14127617 a multiple of 511?
True
Does 44 divide 128522592?
True
Is 1107197900 a multiple of 87?
False
Is 84272551 a multiple of 5?
False
Does 140 divide 1037920100?
True
Is 16 a factor of 35966523?
False
Is 1331 a factor of 185972475?
False
Does 37 divide 282171218?
F